{"id":6716,"date":"2022-03-14T08:57:09","date_gmt":"2022-03-14T08:57:09","guid":{"rendered":"https:\/\/rstheme.com\/products\/wordpress\/innovix\/?page_id=6716"},"modified":"2023-05-29T16:40:08","modified_gmt":"2023-05-29T14:40:08","slug":"onepage-4","status":"publish","type":"page","link":"https:\/\/ccsrdc.ch\/index.php\/onepage-4\/","title":{"rendered":"Onepage 4"},"content":{"rendered":"\t\t<div data-elementor-type=\"wp-page\" data-elementor-id=\"6716\" class=\"elementor elementor-6716\">\n\t\t\t\t\t\t\t\t\t<section class=\"elementor-section elementor-top-section elementor-element elementor-element-d0636fa elementor-section-stretched elementor-section-boxed elementor-section-height-default elementor-section-height-default\" data-id=\"d0636fa\" data-element_type=\"section\" data-settings=\"{&quot;background_background&quot;:&quot;classic&quot;,&quot;stretch_section&quot;:&quot;section-stretched&quot;}\">\n\t\t\t\t\t\t<div class=\"elementor-container elementor-column-gap-default\">\n\t\t\t\t\t<div class=\"elementor-column elementor-col-100 elementor-top-column elementor-element elementor-element-8b3d91f\" data-id=\"8b3d91f\" data-element_type=\"column\">\n\t\t\t<div class=\"elementor-widget-wrap elementor-element-populated\">\n\t\t\t\t\t\t\t\t<div class=\"elementor-element elementor-element-e91f3b6 elementor-widget elementor-widget-rs-heading\" data-id=\"e91f3b6\" data-element_type=\"widget\" data-widget_type=\"rs-heading.default\">\n\t\t\t\t<div class=\"elementor-widget-container\">\n\t\t\t        <div class=\"rs-heading default left \">\r\n        \t<div class=\"title-inner\">        \t\t      \t\t\r\n\t            <span class=\"sub-text \">Chambre de commerce suisse-rdc<\/span><h1 class=\"title\"><span class=\"watermark\">CCSC<\/span>CCSC<\/h1>\t\t\t\t\t        <\/div>\r\n\t                <\/div>\r\n\r\n        \t\t<\/div>\n\t\t\t\t<\/div>\n\t\t\t\t<div class=\"elementor-element elementor-element-20ec6e0 elementor-widget elementor-widget-rs-button\" data-id=\"20ec6e0\" data-element_type=\"widget\" data-widget_type=\"rs-button.default\">\n\t\t\t\t<div class=\"elementor-widget-container\">\n\t\t\t\t\r\n\t\t\r\n\t\t\r\n\t\t\t\t\r\n\t\t\r\n\t\t\t\t\t<div class=\"rs-btn\">\r\n\t\t\t\t\t\t\t\t<a class=\"readon rs_button\" href=\"\" >\t\t\t\t\r\n\t\t\t\t\t<span class=\"btn_text\">Infos pratiques <\/span>\r\n\t\t\t\t\t\t\t\t\t<\/a>\r\n\t\t\t<\/div>\r\n\t\t   \r\n\t\t\t<\/div>\n\t\t\t\t<\/div>\n\t\t\t\t\t<\/div>\n\t\t<\/div>\n\t\t\t\t\t\t\t<\/div>\n\t\t<\/section>\n\t\t\t\t<section class=\"elementor-section elementor-top-section elementor-element elementor-element-c57abec elementor-section-boxed elementor-section-height-default elementor-section-height-default\" data-id=\"c57abec\" data-element_type=\"section\">\n\t\t\t\t\t\t<div class=\"elementor-container elementor-column-gap-default\">\n\t\t\t\t\t<div class=\"elementor-column elementor-col-50 elementor-top-column elementor-element elementor-element-97f155a\" data-id=\"97f155a\" data-element_type=\"column\">\n\t\t\t<div class=\"elementor-widget-wrap elementor-element-populated\">\n\t\t\t\t\t\t\t\t<div class=\"elementor-element elementor-element-07ebba9 elementor-widget__width-initial elementor-widget elementor-widget-image\" data-id=\"07ebba9\" data-element_type=\"widget\" data-widget_type=\"image.default\">\n\t\t\t\t<div class=\"elementor-widget-container\">\n\t\t\t<style>\/*! elementor - v3.13.2 - 11-05-2023 *\/\n.elementor-widget-image{text-align:center}.elementor-widget-image a{display:inline-block}.elementor-widget-image a img[src$=\".svg\"]{width:48px}.elementor-widget-image img{vertical-align:middle;display:inline-block}<\/style>\t\t\t\t\t\t\t\t\t\t\t\t<img loading=\"lazy\" decoding=\"async\" width=\"225\" height=\"150\" src=\"https:\/\/ccsrdc.ch\/wp-content\/uploads\/2023\/05\/drc.jpg\" class=\"attachment-medium size-medium wp-image-26336\" alt=\"\" \/>\t\t\t\t\t\t\t\t\t\t\t\t\t\t\t<\/div>\n\t\t\t\t<\/div>\n\t\t\t\t\t<\/div>\n\t\t<\/div>\n\t\t\t\t<div class=\"elementor-column elementor-col-50 elementor-top-column elementor-element elementor-element-c623ea0\" data-id=\"c623ea0\" data-element_type=\"column\">\n\t\t\t<div class=\"elementor-widget-wrap elementor-element-populated\">\n\t\t\t\t\t\t\t\t<div class=\"elementor-element elementor-element-7f2aa20 elementor-widget elementor-widget-rs-heading\" data-id=\"7f2aa20\" data-element_type=\"widget\" data-widget_type=\"rs-heading.default\">\n\t\t\t\t<div class=\"elementor-widget-container\">\n\t\t\t        <div class=\"rs-heading default  \">\r\n        \t<div class=\"title-inner\">        \t\t      \t\t\r\n\t            <h5 class=\"title\"><span class=\"watermark\"><\/span>Repr\u00e9sentation diplomatique Suisse RDC <\/h5>\t\t\t\t\t        <\/div>\r\n\t                    \t<div class=\"description\">\r\n            \t\t<p>Ambassade de suisse\u00a0 :\u00a0 654, Blvd Colonel Tshatshi Commune Gombe Kinshas\/RDC\u00a0<\/p>            \t\t\r\n            \t<\/div>\r\n        \t        <\/div>\r\n\r\n        \t\t<\/div>\n\t\t\t\t<\/div>\n\t\t\t\t\t<\/div>\n\t\t<\/div>\n\t\t\t\t\t\t\t<\/div>\n\t\t<\/section>\n\t\t\t\t<section class=\"elementor-section elementor-top-section elementor-element elementor-element-ca29b98 elementor-section-boxed elementor-section-height-default elementor-section-height-default\" data-id=\"ca29b98\" data-element_type=\"section\">\n\t\t\t\t\t\t<div class=\"elementor-container elementor-column-gap-default\">\n\t\t\t\t\t<div class=\"elementor-column elementor-col-100 elementor-top-column elementor-element elementor-element-a3ba643\" data-id=\"a3ba643\" data-element_type=\"column\">\n\t\t\t<div class=\"elementor-widget-wrap elementor-element-populated\">\n\t\t\t\t\t\t\t\t<div class=\"elementor-element elementor-element-c7aad80 elementor-widget elementor-widget-rs-heading\" data-id=\"c7aad80\" data-element_type=\"widget\" data-widget_type=\"rs-heading.default\">\n\t\t\t\t<div class=\"elementor-widget-container\">\n\t\t\t        <div class=\"rs-heading default  \">\r\n        \t<div class=\"title-inner\">        \t\t      \t\t\r\n\t            \t\t\t\t\t        <\/div>\r\n\t                    \t<div class=\"description\">\r\n            \t\t<p>Bon \u00e0 savoir: Quelques pr\u00e9cisions sur les \u00e9tapes \u00e0 suivre et formalit\u00e9s requises pour cr\u00e9er une soci\u00e9t\u00e9 en RDC via le guichet Unique de l'ANAPI.\u00a0 En RDC, l'activit\u00e9 commerciale peut \u00eatre exerc\u00e9e sous la forme d'un \u00e9tablissement commercial ou d'une entreprise commerciale. En fonction de la structure choisie, differents documents sont requis.\u00a0<\/p>            \t\t\r\n            \t<\/div>\r\n        \t        <\/div>\r\n\r\n        \t\t<\/div>\n\t\t\t\t<\/div>\n\t\t\t\t\t<\/div>\n\t\t<\/div>\n\t\t\t\t\t\t\t<\/div>\n\t\t<\/section>\n\t\t\t\t<section class=\"elementor-section elementor-top-section elementor-element elementor-element-83642d8 elementor-section-boxed elementor-section-height-default elementor-section-height-default\" data-id=\"83642d8\" data-element_type=\"section\">\n\t\t\t\t\t\t<div class=\"elementor-container elementor-column-gap-default\">\n\t\t\t\t\t<div class=\"elementor-column elementor-col-50 elementor-top-column elementor-element elementor-element-0ea7301\" data-id=\"0ea7301\" data-element_type=\"column\">\n\t\t\t<div class=\"elementor-widget-wrap elementor-element-populated\">\n\t\t\t\t\t\t\t\t<div class=\"elementor-element elementor-element-768cc8f elementor-widget__width-initial elementor-widget elementor-widget-rs-heading\" data-id=\"768cc8f\" data-element_type=\"widget\" data-widget_type=\"rs-heading.default\">\n\t\t\t\t<div class=\"elementor-widget-container\">\n\t\t\t        <div class=\"rs-heading default  \">\r\n        \t<div class=\"title-inner\">        \t\t      \t\t\r\n\t            <span class=\"sub-text \">Pour le G\u00e9rant d'une soci\u00e9t\u00e9 <\/span>\t\t\t\t\t        <\/div>\r\n\t                    \t<div class=\"description\">\r\n            \t\t<ul><li>Photocopie de la carte d'identit\u00e9 ou du passeport;\u00a0<\/li><li>Sp\u00e9ciment de signature;\u00a0<\/li><li>2 photos passeports;\u00a0<\/li><li>Attestation de bonnes vies et moeurs ( pour \u00e9tranger).<\/li><\/ul>            \t\t\r\n            \t<\/div>\r\n        \t        <\/div>\r\n\r\n        \t\t<\/div>\n\t\t\t\t<\/div>\n\t\t\t\t\t<\/div>\n\t\t<\/div>\n\t\t\t\t<div class=\"elementor-column elementor-col-50 elementor-top-column elementor-element elementor-element-dad8708\" data-id=\"dad8708\" data-element_type=\"column\">\n\t\t\t<div class=\"elementor-widget-wrap elementor-element-populated\">\n\t\t\t\t\t\t\t\t<div class=\"elementor-element elementor-element-320e7e4 elementor-widget__width-initial elementor-widget elementor-widget-rs-heading\" data-id=\"320e7e4\" data-element_type=\"widget\" data-widget_type=\"rs-heading.default\">\n\t\t\t\t<div class=\"elementor-widget-container\">\n\t\t\t        <div class=\"rs-heading default  \">\r\n        \t<div class=\"title-inner\">        \t\t      \t\t\r\n\t            <span class=\"sub-text \">Pour le G\u00e9rant d'un \u00e9tablissement <\/span>\t\t\t\t\t        <\/div>\r\n\t                    \t<div class=\"description\">\r\n            \t\t<ul><li>Photocopie de la carte d'identit\u00e9 ou du passeport;\u00a0<\/li><li>Sp\u00e9cimen de signature;<\/li><li>Attestation de bonnes vies et moeurs (pour \u00e9tranger);<\/li><li>Extrait de casier judiciaire ( uniquement pour les personnes physiques);\u00a0<\/li><li>Attestation de non fonctionnaire.<\/li><\/ul>            \t\t\r\n            \t<\/div>\r\n        \t        <\/div>\r\n\r\n        \t\t<\/div>\n\t\t\t\t<\/div>\n\t\t\t\t\t<\/div>\n\t\t<\/div>\n\t\t\t\t\t\t\t<\/div>\n\t\t<\/section>\n\t\t\t\t<section class=\"elementor-section elementor-top-section elementor-element elementor-element-5891b01 elementor-section-boxed elementor-section-height-default elementor-section-height-default\" data-id=\"5891b01\" data-element_type=\"section\">\n\t\t\t\t\t\t<div class=\"elementor-container elementor-column-gap-default\">\n\t\t\t\t\t<div class=\"elementor-column elementor-col-100 elementor-top-column elementor-element elementor-element-9845667\" data-id=\"9845667\" data-element_type=\"column\">\n\t\t\t<div class=\"elementor-widget-wrap elementor-element-populated\">\n\t\t\t\t\t\t\t\t<div class=\"elementor-element elementor-element-2b7ccc4 elementor-widget elementor-widget-rs-heading\" data-id=\"2b7ccc4\" data-element_type=\"widget\" data-widget_type=\"rs-heading.default\">\n\t\t\t\t<div class=\"elementor-widget-container\">\n\t\t\t        <div class=\"rs-heading default  \">\r\n        \t<div class=\"title-inner\">        \t\t      \t\t\r\n\t            <span class=\"sub-text \">Quelques liens utiles <\/span>\t\t\t\t\t        <\/div>\r\n\t                    \t<div class=\"description\">\r\n            \t\t<ul><li>Guide de l'investisseur-Investir en RDC ANAPI;<\/li><li>Code des investiments RDC;\u00a0<\/li><li>D\u00e9partement F\u00e9deral de Affaires Etrang\u00e8res (DFAE) Suisse;<\/li><li>OSEC Suissse-Aide et promotion des exportation;<\/li><li>Repr\u00e9sentaion \u00e9conomique et commerciale des trois r\u00e9gions du royaume de Belgique en RDC;<\/li><\/ul>            \t\t\r\n            \t<\/div>\r\n        \t        <\/div>\r\n\r\n        \t\t<\/div>\n\t\t\t\t<\/div>\n\t\t\t\t\t<\/div>\n\t\t<\/div>\n\t\t\t\t\t\t\t<\/div>\n\t\t<\/section>\n\t\t\t\t<section class=\"elementor-section elementor-top-section elementor-element elementor-element-2e144e2 elementor-section-boxed elementor-section-height-default elementor-section-height-default\" data-id=\"2e144e2\" data-element_type=\"section\">\n\t\t\t\t\t\t<div class=\"elementor-container elementor-column-gap-default\">\n\t\t\t\t\t<div class=\"elementor-column elementor-col-50 elementor-top-column elementor-element elementor-element-1b4281a\" data-id=\"1b4281a\" data-element_type=\"column\">\n\t\t\t<div class=\"elementor-widget-wrap elementor-element-populated\">\n\t\t\t\t\t\t\t\t<div class=\"elementor-element elementor-element-36defba elementor-widget__width-initial elementor-widget elementor-widget-image\" data-id=\"36defba\" data-element_type=\"widget\" data-widget_type=\"image.default\">\n\t\t\t\t<div class=\"elementor-widget-container\">\n\t\t\t\t\t\t\t\t\t\t\t\t\t\t\t<img loading=\"lazy\" decoding=\"async\" width=\"225\" height=\"150\" src=\"https:\/\/ccsrdc.ch\/wp-content\/uploads\/2023\/05\/suisse.jpg\" class=\"attachment-medium size-medium wp-image-26337\" alt=\"\" \/>\t\t\t\t\t\t\t\t\t\t\t\t\t\t\t<\/div>\n\t\t\t\t<\/div>\n\t\t\t\t\t<\/div>\n\t\t<\/div>\n\t\t\t\t<div class=\"elementor-column elementor-col-50 elementor-top-column elementor-element elementor-element-6826204\" data-id=\"6826204\" data-element_type=\"column\">\n\t\t\t<div class=\"elementor-widget-wrap elementor-element-populated\">\n\t\t\t\t\t\t\t\t<div class=\"elementor-element elementor-element-95000df elementor-widget__width-initial elementor-widget elementor-widget-rs-heading\" data-id=\"95000df\" data-element_type=\"widget\" data-widget_type=\"rs-heading.default\">\n\t\t\t\t<div class=\"elementor-widget-container\">\n\t\t\t        <div class=\"rs-heading default  \">\r\n        \t<div class=\"title-inner\">        \t\t      \t\t\r\n\t            <h2 class=\"title\"><span class=\"watermark\"><\/span>Repr\u00e9sentation diplomatique congolaise en suisse <\/h2>\t\t\t\t\t        <\/div>\r\n\t                <\/div>\r\n\r\n        \t\t<\/div>\n\t\t\t\t<\/div>\n\t\t\t\t\t<\/div>\n\t\t<\/div>\n\t\t\t\t\t\t\t<\/div>\n\t\t<\/section>\n\t\t\t\t<section class=\"elementor-section elementor-top-section elementor-element elementor-element-2025698 elementor-section-boxed elementor-section-height-default elementor-section-height-default\" data-id=\"2025698\" data-element_type=\"section\">\n\t\t\t\t\t\t<div class=\"elementor-container elementor-column-gap-default\">\n\t\t\t\t\t<div class=\"elementor-column elementor-col-50 elementor-top-column elementor-element elementor-element-8d4aa77\" data-id=\"8d4aa77\" data-element_type=\"column\">\n\t\t\t<div class=\"elementor-widget-wrap elementor-element-populated\">\n\t\t\t\t\t\t\t\t<div class=\"elementor-element elementor-element-97c9bbd elementor-widget__width-initial elementor-widget elementor-widget-rs-heading\" data-id=\"97c9bbd\" data-element_type=\"widget\" data-widget_type=\"rs-heading.default\">\n\t\t\t\t<div class=\"elementor-widget-container\">\n\t\t\t        <div class=\"rs-heading default  \">\r\n        \t<div class=\"title-inner\">        \t\t      \t\t\r\n\t            <span class=\"sub-text \">Mission permanente de la Republique <\/span>\t\t\t\t\t        <\/div>\r\n\t                    \t<div class=\"description\">\r\n            \t\tD\u00e9mocratique du congo, 23 Avenue de France\/ 1202 Gen\u00e8ve.\n\nT\u00e9l: +41(22) 740.16.80\n<p class=\"font_8 wixui-rich-text__text\"><\/p>            \t\t\r\n            \t<\/div>\r\n        \t        <\/div>\r\n\r\n        \t\t<\/div>\n\t\t\t\t<\/div>\n\t\t\t\t\t<\/div>\n\t\t<\/div>\n\t\t\t\t<div class=\"elementor-column elementor-col-50 elementor-top-column elementor-element elementor-element-3851954\" data-id=\"3851954\" data-element_type=\"column\">\n\t\t\t<div class=\"elementor-widget-wrap elementor-element-populated\">\n\t\t\t\t\t\t\t\t<div class=\"elementor-element elementor-element-14dc464 elementor-widget__width-initial elementor-widget elementor-widget-rs-heading\" data-id=\"14dc464\" data-element_type=\"widget\" data-widget_type=\"rs-heading.default\">\n\t\t\t\t<div class=\"elementor-widget-container\">\n\t\t\t        <div class=\"rs-heading default  \">\r\n        \t<div class=\"title-inner\">        \t\t      \t\t\r\n\t            <span class=\"sub-text \">Ambassade de la RDC <\/span>\t\t\t\t\t        <\/div>\r\n\t                    \t<div class=\"description\">\r\n            \t\t<p>Sulgenheimweg 21, case postale 5261\/ CH-3001 Berne, Suisse<br \/>T\u00e9l: +41(31) 371 3538<\/p><p>Faciliter les demarches adminnistratives en Suisse:<span class=\"wixui-rich-text__text\">\u00a0<a class=\"wixui-rich-text__text\" href=\"https:\/\/www.easygov.swiss\/easygov\/#\/fr\" target=\"_blank\" rel=\"noopener\">https:\/\/www.easygov.swiss\/easygov\/#\/fr<\/a><\/span><\/p><p>\u00a0<\/p><p class=\"font_8 wixui-rich-text__text\">\u00a0<\/p>            \t\t\r\n            \t<\/div>\r\n        \t        <\/div>\r\n\r\n        \t\t<\/div>\n\t\t\t\t<\/div>\n\t\t\t\t\t<\/div>\n\t\t<\/div>\n\t\t\t\t\t\t\t<\/div>\n\t\t<\/section>\n\t\t\t\t<section class=\"elementor-section elementor-top-section elementor-element elementor-element-bf1fdb5 elementor-section-boxed elementor-section-height-default elementor-section-height-default\" data-id=\"bf1fdb5\" data-element_type=\"section\">\n\t\t\t\t\t\t<div class=\"elementor-container elementor-column-gap-default\">\n\t\t\t\t\t<div class=\"elementor-column elementor-col-100 elementor-top-column elementor-element elementor-element-4b8f482\" data-id=\"4b8f482\" data-element_type=\"column\">\n\t\t\t<div class=\"elementor-widget-wrap elementor-element-populated\">\n\t\t\t\t\t\t\t\t<div class=\"elementor-element elementor-element-e745916 elementor-widget__width-initial elementor-widget elementor-widget-rs-heading\" data-id=\"e745916\" data-element_type=\"widget\" data-widget_type=\"rs-heading.default\">\n\t\t\t\t<div class=\"elementor-widget-container\">\n\t\t\t        <div class=\"rs-heading default  \">\r\n        \t<div class=\"title-inner\">        \t\t      \t\t\r\n\t            \t\t\t\t\t        <\/div>\r\n\t                    \t<div class=\"description\">\r\n            \t\t<p><strong>Les differents organismes lors de l'enregistrement d'une entreprise:<\/strong><\/p><ul><li><strong>Registre du commerce;\u00a0<\/strong><\/li><\/ul><ol><li>Informations personnelles de tous les fondateurs;<\/li><li>Informations personnelles personnes autoris\u00e9es \u00e0 signer;<\/li><li>Traduction du nom de la soci\u00e9t\u00e9, si une publication multilingue est d\u00e9sir\u00e9e.<\/li><\/ol><ul><li><strong>Taxe sur la valeur ajout\u00e9e (TVA)\u00a0<\/strong><\/li><\/ul><ol><li><span class=\"wixui-rich-text__text\">Donn\u00e9es sur l'activit\u00e9 de l'entreprise <\/span><\/li><li>Chiffre d'affaires pr\u00e9visionnel pour les 12 premiers mois\u00a0<\/li><li>Modalit\u00e9s\u00a0<\/li><\/ol><ul><li><strong>AVS\/AI\/APG\/AC<\/strong><\/li><\/ul><ol><li class=\"font_8 wixui-rich-text__text\">Adh\u00e9sion \u00e0 une association professionnelle<\/li><li>Nombre d'employ\u00e9s et masse salariale<\/li><li>Salaire et informations complementaires au sujet du propri\u00e9taire;<\/li><li>Coordonn\u00e9es de cotre fiduciaire<\/li><li>Num\u00e9ro de compte en banque ou CCP, pour les remboursements;<\/li><li>Autres polices d'assurances conclues.<\/li><\/ol><ul><li><strong>Assurance-accident LAA<\/strong>\u00a0<\/li><\/ul><ol><li>Somme totale des salaires de l'entreprise\u00a0<\/li><li>Polices de la caisse-maladie et de la caisse de compensation, si disponibles;<\/li><li>Contrats de travail<\/li><li>Coordonn\u00e9es bancaires ou postales\u00a0\u00a0<\/li><\/ol><p>\u00a0<\/p>            \t\t\r\n            \t<\/div>\r\n        \t        <\/div>\r\n\r\n        \t\t<\/div>\n\t\t\t\t<\/div>\n\t\t\t\t\t<\/div>\n\t\t<\/div>\n\t\t\t\t\t\t\t<\/div>\n\t\t<\/section>\n\t\t\t\t\t\t\t<\/div>\n\t\t","protected":false},"excerpt":{"rendered":"<p>Chambre de commerce suisse-rdc CCSCCCSC Infos pratiques Repr\u00e9sentation diplomatique Suisse RDC Ambassade de suisse\u00a0 :\u00a0 654, Blvd Colonel Tshatshi Commune Gombe Kinshas\/RDC\u00a0 Bon \u00e0 savoir: Quelques pr\u00e9cisions sur les \u00e9tapes \u00e0 suivre et formalit\u00e9s requises pour cr\u00e9er une soci\u00e9t\u00e9 en RDC via le guichet Unique de l&#8217;ANAPI.\u00a0 En RDC, l&#8217;activit\u00e9 commerciale peut \u00eatre exerc\u00e9e sous&#8230;<\/p>\n","protected":false},"author":1,"featured_media":0,"parent":0,"menu_order":0,"comment_status":"closed","ping_status":"closed","template":"page-single.php","meta":{"footnotes":""},"class_list":["post-6716","page","type-page","status-publish","hentry"],"_links":{"self":[{"href":"https:\/\/ccsrdc.ch\/index.php\/wp-json\/wp\/v2\/pages\/6716","targetHints":{"allow":["GET"]}}],"collection":[{"href":"https:\/\/ccsrdc.ch\/index.php\/wp-json\/wp\/v2\/pages"}],"about":[{"href":"https:\/\/ccsrdc.ch\/index.php\/wp-json\/wp\/v2\/types\/page"}],"author":[{"embeddable":true,"href":"https:\/\/ccsrdc.ch\/index.php\/wp-json\/wp\/v2\/users\/1"}],"replies":[{"embeddable":true,"href":"https:\/\/ccsrdc.ch\/index.php\/wp-json\/wp\/v2\/comments?post=6716"}],"version-history":[{"count":47,"href":"https:\/\/ccsrdc.ch\/index.php\/wp-json\/wp\/v2\/pages\/6716\/revisions"}],"predecessor-version":[{"id":26723,"href":"https:\/\/ccsrdc.ch\/index.php\/wp-json\/wp\/v2\/pages\/6716\/revisions\/26723"}],"wp:attachment":[{"href":"https:\/\/ccsrdc.ch\/index.php\/wp-json\/wp\/v2\/media?parent=6716"}],"curies":[{"name":"wp","href":"https:\/\/api.w.org\/{rel}","templated":true}]}}