{"id":26450,"date":"2023-05-29T17:04:28","date_gmt":"2023-05-29T15:04:28","guid":{"rendered":"https:\/\/ccsrdc.ch\/?page_id=26450"},"modified":"2023-05-30T11:42:25","modified_gmt":"2023-05-30T09:42:25","slug":"kic","status":"publish","type":"page","link":"https:\/\/ccsrdc.ch\/index.php\/kic\/","title":{"rendered":"kic"},"content":{"rendered":"\t\t<div data-elementor-type=\"wp-page\" data-elementor-id=\"26450\" class=\"elementor elementor-26450\">\n\t\t\t\t\t\t\t\t\t<section class=\"elementor-section elementor-top-section elementor-element elementor-element-1fbcadb elementor-section-boxed elementor-section-height-default elementor-section-height-default\" data-id=\"1fbcadb\" data-element_type=\"section\">\n\t\t\t\t\t\t<div class=\"elementor-container elementor-column-gap-default\">\n\t\t\t\t\t<div class=\"elementor-column elementor-col-100 elementor-top-column elementor-element elementor-element-39ec045\" data-id=\"39ec045\" data-element_type=\"column\">\n\t\t\t<div class=\"elementor-widget-wrap elementor-element-populated\">\n\t\t\t\t\t\t\t\t<div class=\"elementor-element elementor-element-ab55dc9 elementor-widget elementor-widget-heading\" data-id=\"ab55dc9\" data-element_type=\"widget\" data-widget_type=\"heading.default\">\n\t\t\t\t<div class=\"elementor-widget-container\">\n\t\t\t<style>\/*! elementor - v3.13.2 - 11-05-2023 *\/\n.elementor-heading-title{padding:0;margin:0;line-height:1}.elementor-widget-heading .elementor-heading-title[class*=elementor-size-]>a{color:inherit;font-size:inherit;line-height:inherit}.elementor-widget-heading .elementor-heading-title.elementor-size-small{font-size:15px}.elementor-widget-heading .elementor-heading-title.elementor-size-medium{font-size:19px}.elementor-widget-heading .elementor-heading-title.elementor-size-large{font-size:29px}.elementor-widget-heading .elementor-heading-title.elementor-size-xl{font-size:39px}.elementor-widget-heading .elementor-heading-title.elementor-size-xxl{font-size:59px}<\/style><h2 class=\"elementor-heading-title elementor-size-default\">KINSHASA INNOVATION CENTER \n<\/h2>\t\t<\/div>\n\t\t\t\t<\/div>\n\t\t\t\t\t<\/div>\n\t\t<\/div>\n\t\t\t\t\t\t\t<\/div>\n\t\t<\/section>\n\t\t\t\t<section class=\"elementor-section elementor-top-section elementor-element elementor-element-d9e6613 elementor-section-boxed elementor-section-height-default elementor-section-height-default\" data-id=\"d9e6613\" data-element_type=\"section\">\n\t\t\t\t\t\t<div class=\"elementor-container elementor-column-gap-default\">\n\t\t\t\t\t<div class=\"elementor-column elementor-col-25 elementor-top-column elementor-element elementor-element-37a2177\" data-id=\"37a2177\" data-element_type=\"column\">\n\t\t\t<div class=\"elementor-widget-wrap elementor-element-populated\">\n\t\t\t\t\t\t\t\t<div class=\"elementor-element elementor-element-90a5975 elementor-widget elementor-widget-rs-heading\" data-id=\"90a5975\" data-element_type=\"widget\" data-widget_type=\"rs-heading.default\">\n\t\t\t\t<div class=\"elementor-widget-container\">\n\t\t\t        <div class=\"rs-heading default  \">\r\n        \t<div class=\"title-inner\">        \t\t      \t\t\r\n\t            \t\t\t\t\t        <\/div>\r\n\t                    \t<div class=\"description\">\r\n            \t\t<div id=\"comp-k9q582431\" class=\"BaOVQ8 tz5f0K comp-k9q582431 wixui-rich-text\" data-testid=\"richTextElement\"><ul><li class=\"font_8 wixui-rich-text__text\"><span class=\"wixui-rich-text__text\"><span class=\"color_11 wixui-rich-text__text\">Stimuler &amp; promouvoir l'innovation et la cr\u00e9ativit\u00e9 en RDC. Favoriser la culture entrepreneuriale <\/span><\/span><\/li><li class=\"font_8 wixui-rich-text__text\">Permettre l'identification, l'incubation et la maturation des id\u00e9es innovantes<\/li><li class=\"font_8 wixui-rich-text__text\">Favoriser le transfert de technologie et d'expertise entre l'Universit\u00e9 de Gen\u00e8ve et les institutions acad\u00e9miques congolaise<\/li><\/ul><\/div>            \t\t\r\n            \t<\/div>\r\n        \t        <\/div>\r\n\r\n        \t\t<\/div>\n\t\t\t\t<\/div>\n\t\t\t\t\t<\/div>\n\t\t<\/div>\n\t\t\t\t<div class=\"elementor-column elementor-col-25 elementor-top-column elementor-element elementor-element-0c523b2\" data-id=\"0c523b2\" data-element_type=\"column\">\n\t\t\t<div class=\"elementor-widget-wrap elementor-element-populated\">\n\t\t\t\t\t\t\t\t<div class=\"elementor-element elementor-element-ceafd64 elementor-widget elementor-widget-rs-heading\" data-id=\"ceafd64\" data-element_type=\"widget\" data-widget_type=\"rs-heading.default\">\n\t\t\t\t<div class=\"elementor-widget-container\">\n\t\t\t        <div class=\"rs-heading default  \">\r\n        \t<div class=\"title-inner\">        \t\t      \t\t\r\n\t            <span class=\"sub-text \">Notre approche <\/span>\t\t\t\t\t        <\/div>\r\n\t                    \t<div class=\"description\">\r\n            \t\t<ul><li>Servir de plateforme tripartite pour les entreprises priv\u00e9es suisses\/congolaises, universit\u00e9s et instituts sup\u00e9rieurs<\/li><li class=\"font_8 wixui-rich-text__text\"><span class=\"wixui-rich-text__text\"><span class=\"color_11 wixui-rich-text__text\">Identifier les besoins de la r\u00e9gio<\/span><\/span><\/li><li class=\"font_8 wixui-rich-text__text\"><span class=\"wixui-rich-text__text\"><span class=\"color_11 wixui-rich-text__text\">Recruter les participants \u00e0 l'incubateur<\/span><\/span><span class=\"wixui-rich-text__text\"><span class=\"color_11 wixui-rich-text__text\"><span class=\"wixGuard wixui-rich-text__text\">\u200b<\/span><\/span><\/span><\/li><li class=\"font_8 wixui-rich-text__text\"><span class=\"wixui-rich-text__text\"><span class=\"color_11 wixui-rich-text__text\">Tisser des relations avec les acteurs \u00e9conomiques<\/span><\/span><\/li><li class=\"font_8 wixui-rich-text__text\">Etendre et externaliser les succ\u00e8s<\/li><\/ul>            \t\t\r\n            \t<\/div>\r\n        \t        <\/div>\r\n\r\n        \t\t<\/div>\n\t\t\t\t<\/div>\n\t\t\t\t\t<\/div>\n\t\t<\/div>\n\t\t\t\t<div class=\"elementor-column elementor-col-50 elementor-top-column elementor-element elementor-element-cf62bd2\" data-id=\"cf62bd2\" data-element_type=\"column\">\n\t\t\t<div class=\"elementor-widget-wrap elementor-element-populated\">\n\t\t\t\t\t\t\t\t<div class=\"elementor-element elementor-element-20f0d06 elementor-widget elementor-widget-rs-heading\" data-id=\"20f0d06\" data-element_type=\"widget\" data-widget_type=\"rs-heading.default\">\n\t\t\t\t<div class=\"elementor-widget-container\">\n\t\t\t        <div class=\"rs-heading default  \">\r\n        \t<div class=\"title-inner\">        \t\t      \t\t\r\n\t            <span class=\"sub-text \">ACTIVITES <\/span>\t\t\t\t\t        <\/div>\r\n\t                    \t<div class=\"description\">\r\n            \t\t<p class=\"font_8 wixui-rich-text__text\"><span class=\"wixui-rich-text__text\">Acqu\u00e9rir les comp\u00e9tences entrepreneuriales\u00a0<\/span><\/p><ul class=\"font_8 wixui-rich-text__text\"><li class=\"wixui-rich-text__text\"><p class=\"font_8 wixui-rich-text__text\"><span class=\"wixui-rich-text__text\">Business plan\u00a0<\/span><\/p><\/li><li class=\"wixui-rich-text__text\"><p class=\"font_8 wixui-rich-text__text\"><span class=\"wixui-rich-text__text\">Propri\u00e9t\u00e9 intellectuelle &amp; innovation<\/span><\/p><\/li><li class=\"wixui-rich-text__text\"><p class=\"font_8 wixui-rich-text__text\"><span class=\"wixui-rich-text__text\">Sources de financement<\/span><\/p><\/li><\/ul><p class=\"font_8 wixui-rich-text__text\"><span class=\"wixui-rich-text__text\">Exigences pour entreprendre<\/span><\/p><ul class=\"font_8 wixui-rich-text__text\"><li class=\"wixui-rich-text__text\"><p class=\"font_8 wixui-rich-text__text\"><span class=\"wixui-rich-text__text\">Marketing digital<\/span><\/p><\/li><li class=\"wixui-rich-text__text\"><p class=\"font_8 wixui-rich-text__text\"><span class=\"wixui-rich-text__text\">Ethique des affaires<\/span><\/p><\/li><li class=\"wixui-rich-text__text\"><p class=\"font_8 wixui-rich-text__text\"><span class=\"wixui-rich-text__text\">Leadership entrepreneurial<\/span><\/p><\/li><\/ul><p class=\"font_8 wixui-rich-text__text\"><span class=\"wixui-rich-text__text\">Pratique<\/span><\/p><ul class=\"font_8 wixui-rich-text__text\"><li class=\"wixui-rich-text__text\"><p class=\"font_8 wixui-rich-text__text\"><span class=\"wixui-rich-text__text\">Ateliers<\/span><\/p><\/li><li class=\"wixui-rich-text__text\"><p class=\"font_8 wixui-rich-text__text\"><span class=\"wixui-rich-text__text\">Coaching<\/span><\/p><\/li><\/ul>            \t\t\r\n            \t<\/div>\r\n        \t        <\/div>\r\n\r\n        \t\t<\/div>\n\t\t\t\t<\/div>\n\t\t\t\t\t<\/div>\n\t\t<\/div>\n\t\t\t\t\t\t\t<\/div>\n\t\t<\/section>\n\t\t\t\t<section class=\"elementor-section elementor-top-section elementor-element elementor-element-f086774 elementor-section-boxed elementor-section-height-default elementor-section-height-default\" data-id=\"f086774\" data-element_type=\"section\">\n\t\t\t\t\t\t<div class=\"elementor-container elementor-column-gap-default\">\n\t\t\t\t\t<div class=\"elementor-column elementor-col-50 elementor-top-column elementor-element elementor-element-a10a047\" data-id=\"a10a047\" data-element_type=\"column\">\n\t\t\t<div class=\"elementor-widget-wrap elementor-element-populated\">\n\t\t\t\t\t\t\t\t<div class=\"elementor-element elementor-element-6f6a88d elementor-widget elementor-widget-rs-heading\" data-id=\"6f6a88d\" data-element_type=\"widget\" data-widget_type=\"rs-heading.default\">\n\t\t\t\t<div class=\"elementor-widget-container\">\n\t\t\t        <div class=\"rs-heading default  \">\r\n        \t<div class=\"title-inner\">        \t\t      \t\t\r\n\t            <span class=\"sub-text \">Richard Mukundji Coordonnateur projet KIC<\/span>\t\t\t\t\t        <\/div>\r\n\t                    \t<div class=\"description\">\r\n            \t\t<p><img loading=\"lazy\" decoding=\"async\" class=\"wp-image-26483 aligncenter\" src=\"https:\/\/ccsrdc.ch\/wp-content\/uploads\/2022\/02\/0d65c6_3d78936d62a147c2acf46a224296e231mv2-295x300.jpeg\" alt=\"\" width=\"171\" height=\"174\" srcset=\"https:\/\/ccsrdc.ch\/wp-content\/uploads\/2022\/02\/0d65c6_3d78936d62a147c2acf46a224296e231mv2-295x300.jpeg 295w, https:\/\/ccsrdc.ch\/wp-content\/uploads\/2022\/02\/0d65c6_3d78936d62a147c2acf46a224296e231mv2-1006x1024.jpeg 1006w, https:\/\/ccsrdc.ch\/wp-content\/uploads\/2022\/02\/0d65c6_3d78936d62a147c2acf46a224296e231mv2-768x782.jpeg 768w, https:\/\/ccsrdc.ch\/wp-content\/uploads\/2022\/02\/0d65c6_3d78936d62a147c2acf46a224296e231mv2.jpeg 1059w\" sizes=\"auto, (max-width: 171px) 100vw, 171px\" \/><\/p><p>Richard Mukundji est Administrateur, Charg\u00e9 des relations institutionnelles \u00e0 la Chambre de Commerce Suisse-RD Congo (CCSC).<\/p><p>Il est d\u00e9tenteur d\u2019un Doctorat en sciences \u00e9conomiques et sociales de l\u2019Universit\u00e9 de Gen\u00e8ve (Suisse).<\/p><p>Dr Mukundji est membre de la Commission scientifique de l\u2019Institut de\u00a0Recherche en G\u00e9opolitique et d'Etudes Strat\u00e9giques de Kinshasa (IRGS).<\/p><p>Il a exerc\u00e9 plusieurs\u00a0mandats de consultant international notamment aupr\u00e8s de la Banque Mondiale, du Programme des Nations unies pour le D\u00e9veloppement (PNUD) et de la Coop\u00e9ration allemande (GTZ).<\/p><p>\u200bIl poss\u00e8de d\u2019excellentes connaissances des enjeux \u00e9conomiques et de l\u2019environnement des affaires des pays africains.<\/p><p>Contact :\u00a0<a href=\"mailto:richard.mukundji@ccsc.ch\" data-auto-recognition=\"true\">ric<\/a><a href=\"mailto:richard.mukundji@ccsc.ch\" data-auto-recognition=\"true\">hard.mukundji@ccsc.ch<\/a><\/p>            \t\t\r\n            \t<\/div>\r\n        \t        <\/div>\r\n\r\n        \t\t<\/div>\n\t\t\t\t<\/div>\n\t\t\t\t\t<\/div>\n\t\t<\/div>\n\t\t\t\t<div class=\"elementor-column elementor-col-50 elementor-top-column elementor-element elementor-element-9bed2e1\" data-id=\"9bed2e1\" data-element_type=\"column\">\n\t\t\t<div class=\"elementor-widget-wrap elementor-element-populated\">\n\t\t\t\t\t\t\t\t<div class=\"elementor-element elementor-element-1cf2b74 elementor-widget elementor-widget-rs-heading\" data-id=\"1cf2b74\" data-element_type=\"widget\" data-widget_type=\"rs-heading.default\">\n\t\t\t\t<div class=\"elementor-widget-container\">\n\t\t\t        <div class=\"rs-heading default  \">\r\n        \t<div class=\"title-inner\">        \t\t      \t\t\r\n\t            <span class=\"sub-text \">Gauthier Kalonji Responsable Programme KIC<\/span>\t\t\t\t\t        <\/div>\r\n\t                    \t<div class=\"description\">\r\n            \t\t<p><img loading=\"lazy\" decoding=\"async\" class=\"wp-image-26482 aligncenter\" src=\"https:\/\/ccsrdc.ch\/wp-content\/uploads\/2022\/02\/0d65c6_bff7526db82748279aa8e95f3d71cf9emv2-247x300.jpeg\" alt=\"\" width=\"154\" height=\"187\" srcset=\"https:\/\/ccsrdc.ch\/wp-content\/uploads\/2022\/02\/0d65c6_bff7526db82748279aa8e95f3d71cf9emv2-247x300.jpeg 247w, https:\/\/ccsrdc.ch\/wp-content\/uploads\/2022\/02\/0d65c6_bff7526db82748279aa8e95f3d71cf9emv2-768x933.jpeg 768w, https:\/\/ccsrdc.ch\/wp-content\/uploads\/2022\/02\/0d65c6_bff7526db82748279aa8e95f3d71cf9emv2.jpeg 843w\" sizes=\"auto, (max-width: 154px) 100vw, 154px\" \/><\/p><p>Tr\u00e9sor-Gauthier\u00a0M. KALONJI est Docteur en Droit fiscal, Universit\u00e9 de Neuch\u00e2tel (Suisse).<\/p><p>Il est \u00e9galement d\u00e9tenteur d\u2019un Master of Advanced Studies in European and International Gouvernance, Universit\u00e9 de Gen\u00e8ve (Suisse).<\/p><p>Il a une longue exp\u00e9rience professionnelle dans le secteur public, notamment\u00a0au Secr\u00e9tariat G\u00e9n\u00e9ral du Minist\u00e8re des Finances \u00e0 Kinshasa, RD Congo, o\u00f9 il exerce actuellement de hautes fonctions juridiques.<\/p><p>Contact :\u00a0<a href=\"mailto:gauthier.kalonji@ccsc.ch\" data-auto-recognition=\"true\">gauthier.kalonji@ccsc.ch<\/a><\/p><p>\u00a0<\/p>            \t\t\r\n            \t<\/div>\r\n        \t        <\/div>\r\n\r\n        \t\t<\/div>\n\t\t\t\t<\/div>\n\t\t\t\t\t<\/div>\n\t\t<\/div>\n\t\t\t\t\t\t\t<\/div>\n\t\t<\/section>\n\t\t\t\t<section class=\"elementor-section elementor-top-section elementor-element elementor-element-e6bedfb elementor-section-boxed elementor-section-height-default elementor-section-height-default\" data-id=\"e6bedfb\" data-element_type=\"section\">\n\t\t\t\t\t\t<div class=\"elementor-container elementor-column-gap-default\">\n\t\t\t\t\t<div class=\"elementor-column elementor-col-100 elementor-top-column elementor-element elementor-element-71c46df\" data-id=\"71c46df\" data-element_type=\"column\">\n\t\t\t<div class=\"elementor-widget-wrap elementor-element-populated\">\n\t\t\t\t\t\t\t\t<div class=\"elementor-element elementor-element-ce5193f elementor-widget elementor-widget-rs-heading\" data-id=\"ce5193f\" data-element_type=\"widget\" data-widget_type=\"rs-heading.default\">\n\t\t\t\t<div class=\"elementor-widget-container\">\n\t\t\t        <div class=\"rs-heading default  \">\r\n        \t<div class=\"title-inner\">        \t\t      \t\t\r\n\t            <h2 class=\"title\"><span class=\"watermark\"><\/span>Nos Partenaires<\/h2>\t\t\t\t\t        <\/div>\r\n\t                    \t<div class=\"description\">\r\n            \t\t<p><img loading=\"lazy\" decoding=\"async\" class=\"alignnone size-full wp-image-26395\" src=\"https:\/\/ccsrdc.ch\/wp-content\/uploads\/2023\/05\/1.jpg\" alt=\"\" width=\"266\" height=\"136\" \/><img loading=\"lazy\" decoding=\"async\" class=\"alignnone size-full wp-image-26401\" src=\"https:\/\/ccsrdc.ch\/wp-content\/uploads\/2023\/05\/7.jpg\" alt=\"\" width=\"266\" height=\"136\" \/><img loading=\"lazy\" decoding=\"async\" class=\"alignnone size-full wp-image-26404\" src=\"https:\/\/ccsrdc.ch\/wp-content\/uploads\/2023\/05\/91.jpg\" alt=\"\" width=\"266\" height=\"136\" \/><img loading=\"lazy\" decoding=\"async\" class=\"alignnone size-full wp-image-26399\" src=\"https:\/\/ccsrdc.ch\/wp-content\/uploads\/2023\/05\/5.jpg\" alt=\"\" width=\"266\" height=\"136\" \/><img loading=\"lazy\" decoding=\"async\" class=\"alignnone size-full wp-image-26403\" src=\"https:\/\/ccsrdc.ch\/wp-content\/uploads\/2023\/05\/9.jpg\" alt=\"\" width=\"266\" height=\"136\" \/><\/p>            \t\t\r\n            \t<\/div>\r\n        \t        <\/div>\r\n\r\n        \t\t<\/div>\n\t\t\t\t<\/div>\n\t\t\t\t\t<\/div>\n\t\t<\/div>\n\t\t\t\t\t\t\t<\/div>\n\t\t<\/section>\n\t\t\t\t\t\t\t<\/div>\n\t\t","protected":false},"excerpt":{"rendered":"<p>KINSHASA INNOVATION CENTER Stimuler &amp; promouvoir l&#8217;innovation et la cr\u00e9ativit\u00e9 en RDC. Favoriser la culture entrepreneuriale Permettre l&#8217;identification, l&#8217;incubation et la maturation des id\u00e9es innovantes Favoriser le transfert de technologie et d&#8217;expertise entre l&#8217;Universit\u00e9 de Gen\u00e8ve et les institutions acad\u00e9miques congolaise Notre approche Servir de plateforme tripartite pour les entreprises priv\u00e9es suisses\/congolaises, universit\u00e9s et instituts&#8230;<\/p>\n","protected":false},"author":1,"featured_media":0,"parent":0,"menu_order":0,"comment_status":"closed","ping_status":"closed","template":"","meta":{"footnotes":""},"class_list":["post-26450","page","type-page","status-publish","hentry"],"_links":{"self":[{"href":"https:\/\/ccsrdc.ch\/index.php\/wp-json\/wp\/v2\/pages\/26450","targetHints":{"allow":["GET"]}}],"collection":[{"href":"https:\/\/ccsrdc.ch\/index.php\/wp-json\/wp\/v2\/pages"}],"about":[{"href":"https:\/\/ccsrdc.ch\/index.php\/wp-json\/wp\/v2\/types\/page"}],"author":[{"embeddable":true,"href":"https:\/\/ccsrdc.ch\/index.php\/wp-json\/wp\/v2\/users\/1"}],"replies":[{"embeddable":true,"href":"https:\/\/ccsrdc.ch\/index.php\/wp-json\/wp\/v2\/comments?post=26450"}],"version-history":[{"count":16,"href":"https:\/\/ccsrdc.ch\/index.php\/wp-json\/wp\/v2\/pages\/26450\/revisions"}],"predecessor-version":[{"id":26505,"href":"https:\/\/ccsrdc.ch\/index.php\/wp-json\/wp\/v2\/pages\/26450\/revisions\/26505"}],"wp:attachment":[{"href":"https:\/\/ccsrdc.ch\/index.php\/wp-json\/wp\/v2\/media?parent=26450"}],"curies":[{"name":"wp","href":"https:\/\/api.w.org\/{rel}","templated":true}]}}